= a + 5*s + 1. Let t be -1 + 4 - (a + 0). Let l(h) be the first derivative of -3*h**2 - 715. What is l(t)?
-18
Let f(t) be the first derivative of -t**2/2 + 8*t - 83. Give f(14).
-6
Let k(z) = z**2 - 10*z - 7. Let t(v) = 6*v**2 - 51*v - 35. Let m(o) = 11*k(o) - 2*t(o). Suppose -2 = -2*r - 14. What is m(r)?
5
Let b(g) = -g**3 + 25*g**2 - 2*g + 42. Let n be b(25). Let w(q) = -4 - 12*q**2 - q**3 + 4*q**2 + 3*q - 5*q. What is w(n)?
12
Let m(j) = -j**3 + j**2 + 1. Let d(c) = -3*c**3 + 7. Let n(r) = -d(r) + 4*m(r). Let f be (-2)/((44/(-77))/(12/14)). What is n(f)?
6
Let d(o) be the third derivative of -o**5/60 - o**4/8 + o**3/6 - 2*o**2. Suppose 0 = 5*v + 4*r - 164, -v + 6*r + 48 = 3*r. Suppose 0 = -9*f - 0 - v. Give d(f).
-3
Let v(i) be the second derivative of -i**4/12 - 5*i**3/6 + 3*i**2 + 23*i. Let u be (1/(-2) - 1)*(-40)/(-12). What is v(u)?
6
Let g(l) = l**2 - 6*l. Let i be (16/(-24))/(-2 - (-69)/36). Give g(i).
16
Let l be -1 + 1/((-12)/(-16) - 1). Let o(d) = d**2. Let v(t) = -7*t**2 - 6*t + 3. Let h(n) = -6*o(n) - v(n). Determine h(l).
-8
Let f = 118 + -115. Let m(g) be the second derivative of 1/6*g**f + 4*g - 3/2*g**2 + 0. Give m(3).
0
Let f be -12 + (14 - 7 - 1). Let l(b) = -b**3 - 5*b**2 + 3*b - 14. What is l(f)?
4
Let m(l) be the third derivative of -l**6/120 + l**5/10 - l**4/4 + l**3/6 + 83*l**2. What is m(5)?
-4
Let l(g) = g**3 + 5*g**2 + 15*g + 16. Let a(y) = y**2 - y - 1. Let i(t) = -5*a(t) - l(t). Give i(-9).
-2
Let q(n) = 6*n + 7. Let l(s) = -8*s + 1. Let g(j) = l(j) + q(j). What is g(4)?
0
Let l = -12 + 3. Let t(w) be the first derivative of w**4/4 + 3*w**3 + w + 234. Calculate t(l).
1
Let m(n) = n**2 - 4. Suppose -2*z - u = u - 6, 2*z - 2*u = -6. Give m(z).
-4
Let v(y) = -y - 3. Suppose 8 - 16 = d. Let t be v(d). Suppose -19 = -4*h - b, b - 2*b = t*h - 23. Let r(i) = i**2 - 4*i - 1. What is r(h)?
-1
Suppose 0 = -n, -3*n - 4 = -2*p - 0*n. Let z(k) = -4 + k + 1 + p*k - 4*k. Determine z(-3).
0
Let l(t) be the second derivative of t**5/20 + t**4/12 + t**3/6 - 2*t**2 - 42*t. Suppose -x - 5*u + 15 = -5*x, -2*u = -5*x - 6. Calculate l(x).
-4
Let s(v) = -v + 11. Suppose -2*n - 3*j + 22 = 4, -8 = 2*j. Determine s(n).
-4
Let y(a) be the second derivative of a**3/6 - 25*a**2/2 + 15*a + 1. What is y(0)?
-25
Let j(a) be the second derivative of a**5/20 + a**4/2 + a**3/3 + 13*a**2 - 154*a + 2. Give j(-6).
14
Let p(b) = -16*b + 1. Let t(d) = -70*d + 3. Let o(w) = -9*p(w) + 2*t(w). Determine o(-1).
-7
Let j(u) be the third derivative of u**5/60 + u**4/6 - 3*u**3/2 + 91*u**2. Calculate j(-7).
12
Let z(b) be the second derivative of -b**6/120 - b**5/12 - b**4/4 - 5*b**3/6 - 3*b**2/2 - 16*b. Let j(v) be the first derivative of z(v). What is j(-4)?
3
Let g(x) = -x. Let r(j) = -j**3 - 11*j**2 - 13*j - 25. Let m = 48 + -58. Let w be r(m). Determine g(w).
-5
Let h(i) = -4*i - 4. Let o(z) = 9*z + 11. Let v(f) = 4*f + 5. Let m(a) = 3*o(a) - 5*v(a). Let l = -8 - -14. Let j(w) = l*m(w) + 10*h(w). What is j(-6)?
-4
Let j(r) = -2*r**2 - 10*r + 4. Let g(l) = -l**2 - 9*l + 5. Suppose 0 = -4*w - 3*c + 20, -4*w - 2*c = -0*w - 16. Let n(p) = w*j(p) - 3*g(p). What is n(7)?
-7
Let x(q) be the second derivative of q**5/60 - 5*q**4/24 + q**3 + 2*q**2 - 3*q. Let p(z) be the first derivative of x(z). What is p(4)?
2
Let i(k) = -k**3 - 14*k**2 + 18*k + 45. Let m be i(-15). Let x(q) be the third derivative of q**6/120 - q**5/60 - q**4/24 - 7*q**3/6 - 2*q**2. Calculate x(m).
-7
Let i(k) = -22 - 5*k - 26 - 7 + 11*k - 7*k. Give i(0).
-55
Let m(i) = 1. Let l(b) = -b + 22. Let h(f) = l(f) - 6*m(f). What is h(-5)?
21
Let z(f) = 31*f**2 - 49*f + 67. Let d(p) = 11*p**2 - 16*p + 22. Let t(u) = -17*d(u) + 6*z(u). Give t(-23).
5
Let x(i) = 9 - 5*i + 0*i + 4*i. Suppose 277*q = 282*q - 35. What is x(q)?
2
Let n(v) be the first derivative of -26 - 1/2*v**2 - v. What is n(4)?
-5
Let o(z) = z**2 - 10*z + 8. Let t be o(9). Let s be 2*3/(-2)*t. Let n(w) = -1 + 4 - 6 + w**3 + 2*w - 3*w**2. Determine n(s).
3
Let o be (3 + -3)/(1*(2 - 1)). Suppose v + s = 5*s + 14, 4*v + s - 5 = o. Let c(n) = n**3 - 2*n**2 + 3*n - 1. What is c(v)?
5
Let j(g) = -7 - 13 + 25 - 2*g**2 - 3. Suppose -4 = 4*y + 4*z, -2*y - 3*y - z + 11 = 0. Suppose b + 8 = -y*b. Give j(b).
-6
Let i(l) be the second derivative of l**3/3 - 2*l**2 + 131*l. Give i(0).
-4
Let x(t) be the first derivative of 3*t**2 - 3*t + 80. Let n = 32 + -28. What is x(n)?
21
Let j(x) = 4*x + 3. Suppose 2*c = 4*v + 3*c, -3*c = -v. Suppose -t + 3 - 7 = v. Determine j(t).
-13
Let i(o) = o**3 - 6*o - 5. Let w = 241 - 245. Determine i(w).
-45
Suppose -7*z + 16 + 173 = 0. Let a = 24 - z. Let m(g) be the third derivative of -g**6/120 - g**5/30 + g**4/8 + g**3/2 + g**2. Give m(a).
3
Suppose 0 = -2*t - 13 - 5. Let g = -12 - t. Let w(o) = -5*o**2 + o + 15. Let d(q) = 2*q**2 - q - 7. Let r(a) = -7*d(a) - 3*w(a). Give r(g).
1
Let k(u) = 4*u**2 - 62*u + 22. Let d be k(15). Let q(v) = v**3 + 9*v**2 + 8*v + 6. Calculate q(d).
6
Suppose 0 = 7*s - 46 - 150. Let v(a) = -a**2 - s*a + 27*a + 0 + 2. Calculate v(-2).
0
Let b = -21 + 18. Let h(k) = -k**2 - 3*k + 2. Let f be h(-3). Let j(p) = 4*p**f + 0*p + p - 4 - p**2 + p**3. What is j(b)?
-7
Let i be 1*(1 - 16/2). Let w(v) = -5 + 6*v + 7*v**2 + 5*v**3 - 4*v**3 - 6*v. Give w(i).
-5
Let t(o) = o**2 - 4. Let r = -371 - -367. Give t(r).
12
Let z(g) be the second derivative of 2*g**3/3 - g**2 + g. Let s = -1322 + 1326. Calculate z(s).
14
Let c(j) = -j**3 - 4*j**2 + 2*j - 6. Let k(t) = t**3 - 11*t**2 - t + 12. Let m be k(11). Let h be 13/((-52)/24) + m. Determine c(h).
9
Let j(p) = -2*p - 2. Suppose 2*y - 3*w = 2*w + 14, -3*y - 5*w - 4 = 0. Suppose -z = -2*b - 0*z + y, -3*b - 5*z + 16 = 0. Suppose x - b*x = 3. What is j(x)?
4
Suppose -21 = -5*s - 4*g, 5*g = -2*s - 0 + 5. Let o(q) = 4*q**2 + 373 - 188 - 182 + 4*q - q**3. What is o(s)?
-2
Let b(i) = i**3 - 5*i**2 - 4*i - 9. Let m be 12/5*2*10/8. Determine b(m).
3
Let i(u) = -11*u**2 - 3*u + 15. Let w(d) = -4*d**2 - d + 5. Let y(n) = 3*i(n) - 8*w(n). Let h = 33 - 31. Suppose -h*o - 2 = -2. Determine y(o).
5
Let o(k) = k**2 - 5*k + 7. Suppose -4*u - 4*c = -4, 3*u - 11 = 4*c + c. Let t be (-48)/(-9) - u/6. Give o(t).
7
Suppose -l = -5*c + c - 14, c + 5 = l. Let w(p) be the second derivative of p**5/20 - p**4/6 - p**3/3 + p**2 - 14*p - 6. Calculate w(l).
-2
Suppose -b - 19 = -5*x + 2*b, -x + b = -3. Let g(o) = -2*o + 5. Let t(c) = -4 - 2 + 10 + 3*c - 8. Let v(f) = x*t(f) + 4*g(f). Calculate v(1).
7
Let z = -1 - -1. Let u(g) = -13060*g + 6527*g + g**2 + 6534*g - 8. What is u(z)?
-8
Suppose q = -q + 2*w - 6, 3*q + 5 = w. Let i(p) be the second derivative of -p**3/6 - 164*p + 2. What is i(q)?
1
Let r(d) be the third derivative of -d**7/420 + d**6/360 - d**4/24 - 6*d**3 + 17*d**2. Let t(a) be the first derivative of r(a). Calculate t(-1).
2
Let i be (3 - 0)*(-1)/(-1). Let j(l) be the third derivative of -l**4/8 + l**3/2 - 114*l**2. Calculate j(i).
-6
Let b(r) = -121 + 4*r + 235 - 120. Determine b(5).
14
Let k(v) = v**3 - 5*v**2 - 3*v - 2 + 7*v + v**2. Suppose 5*w - 3 - 1 = 4*q, 3*w = 3*q. Determine k(q).
14
Let m be (5/15)/((-2)/102). Let p = -14 - m. Let i(q) = -q**p + 3*q + 5*q - 2*q - 7*q. Give i(-1).
2
Let y(z) be the first derivative of -5*z**2 - 3*z + 523. What is y(2)?
-23
Let p(m) = m**3 - 9*m**2 + m - 6. Let i be (-3 + 3)/(4 + -1 + -2). Suppose i = -2*z - 8*u + 3*u + 38, z = -5*u + 29. Calculate p(z).
3
Let w(i) = -i**2 + 7*i - 3*i**2 - i**3 + 4 - i**2 + 2. Give w(-6).
0
Let i(k) = -2*k**3 - 3*k**2 - 5. Let z(h) = -h**3 - h**2 + h - 1. Let l(o) = i(o) - 3*z(o). Suppose -5*a + 40 = -a. Suppose 6*v = v - a. Determine l(v).
-4
Let a(k) = -3*k**2 - 5*k - 4. Let l = -89 - -84. Let d(i) = 2*i**2 + 6 - 16*i + 23*i + 2*i**2. Let u(q) = l*d(q) - 7*a(q). Calculate u(3).
7
Let t(x) be the third derivative of x**4/24 - x**3/3 - 59*x**2. Suppose -56*l - 16 = -58*l. Give t(l).
6
Suppose 23*f = 15*f - 224. Let b(m) = -2*m - 57. Determine b(f).
-1
Let u = -22 + 27. Suppose 2*f = -r - 3, -4*f - u*r = -0*r + 3. Let q(m) be the third derivative of -m**4/12 - m**3/3 - m**2. What is q(f)?
2
Let l be (-3)/(-21) + 3808/98. Suppose -12*x + l = x. Let t(o) = o**3 - o**2 + o. Give t(x).
21
Suppose 5*w + 0*w - 45 = 0. Let s be 8*(5 - 4 - 2). Let q = s + w. Let z(b) = -b**3 + b. Give z(q).
0
Let z(t